remainder when 23 is divided by z(2)?
10
Let p = 373 + -255. Calculate the remainder when p is divided by 24.
22
Let i = -6 + 7. Suppose k + 11 = -4*a - i, -4*a + 4 = 5*k. Calculate the remainder when k is divided by (308/6)/14 + (-2)/3.
1
Let l(o) = -9*o - 1. Let t = -5 + 6. Let m be l(t). Let q = 14 + m. Calculate the remainder when 13 is divided by q.
1
What is the remainder when (-332)/(-2) + (-20)/((-30)/(-6)) is divided by 36?
18
Suppose -x + 49 = -2*j, 4*j = 2*x + 2*x - 200. Calculate the remainder when 350 is divided by x.
44
Suppose -2*t + 245 = 3*t. Let r = t - 34. What is the remainder when 25 is divided by r?
10
Let h(x) = 2*x**3 - 18*x**2 + 13*x - 15. Let t be h(8). Let p = 72 + t. What is the remainder when 163 is divided by p?
31
Let v = 1163 - 1152. What is the remainder when 73 is divided by v?
7
Suppose -35 + 2 = -11*t. Calculate the remainder when ((-58)/(-4))/((-2)/(-36)*t) is divided by 15.
12
Suppose -39 = -0*s - 3*s. Let w(t) = -5*t**2 + 2*t**2 + 2*t**2 - 5 - 8*t. What is the remainder when s is divided by w(-6)?
6
Let w = 75 - 77. Suppose 3*m = -1 + 52. Let n = m + w. What is the remainder when 42 is divided by n?
12
Suppose 0*g + t - 234 = -2*g, 2*g - 3*t = 242. What is the remainder when 350 is divided by g?
114
Suppose 5*a = 6*a - 44. Suppose 0 = 5*m + v + 141, a = -2*m + 3*v - 26. What is the remainder when (5 - 4)*(-2 - m) is divided by 15?
12
Let o be ((-21)/(-9) - 0)*(-21)/(-1). Let d = o + -19. What is the remainder when d is divided by 11?
8
Let u = 171 + 4. Suppose -7*l + u = -2*l. Let w(p) = -15*p**3 - 4*p**2 - 5*p - 12. What is the remainder when w(-2) is divided by l?
32
Let u be 3/15*0*1. Suppose y + 3*g - 6*g = 17, u = -3*y - 4*g + 12. What is the remainder when 31 is divided by y?
7
Let u(q) = 69*q - 180. What is the remainder when 1244 is divided by u(4)?
92
Let q(h) = h**3 + 11*h**2 + 8*h - 14. Suppose -4*j - 5*o = -2*o + 27, 6 = j + 5*o. What is the remainder when q(j) is divided by 21?
13
Let a(i) = i**3 - 12*i**2 + 11*i - 27. Suppose -4*w = k + 9 - 1, 2*w + 34 = 2*k. What is the remainder when a(k) is divided by 36?
33
Let s = -3027 + 3091. What is the remainder when 370 is divided by s?
50
Let f(j) = -89*j + 771. What is the remainder when f(6) is divided by 41?
32
Let i be (-14)/(-21)*68 - (-1)/(-3). Suppose -2*k + 0*w + 4*w + 44 = 0, 3*k + w = i. Calculate the remainder when 46 is divided by k.
14
Suppose 0 = -17*u + 62 + 873. Calculate the remainder when 159 is divided by u.
49
Let l = 71 + 30. Suppose 2*s - l = -5*q - 0*s, -4*q + 70 = -2*s. Calculate the remainder when 6/(-3) + 76 - 0 is divided by q.
17
Suppose -3 = 2*d - 5. Calculate the remainder when 16*(3 + 0) - d is divided by 12.
11
What is the remainder when 215 is divided by 6*75/(-2)*(-19)/95?
35
Suppose 7*u = -3*u + 350. Suppose -4*v = v - u. What is the remainder when 10 is divided by v?
3
Let s be (-1 + (-8)/(-12))*-12. Suppose 3*i + s = 4*i. What is the remainder when 69 is divided by ((-27)/i)/(6/(-16))?
15
Let n(s) = s**3 + 56*s**2 + 109*s + 93. Calculate the remainder when 427 is divided by n(-54).
37
Suppose 2*u - 2*a + 160 = 0, -u + 0*a = 2*a + 92. Let h = 72 - u. What is the remainder when 22 is divided by (-24)/h + 238/26?
4
Let d = -416 - -425. What is the remainder when (-1)/3 - (-228)/9 is divided by d?
7
Let j(d) = -43*d - 24. Let a be j(-6). Suppose -a = -3*m - 36. Calculate the remainder when m is divided by 17.
15
Let u = -353 + 389. What is the remainder when 82 is divided by u?
10
Let q = -14 + 17. Suppose 0 = -o + q - 4. Let r = o - -11. Calculate the remainder when r is divided by 4.
2
Let g be ((-51)/(-3) - -3) + 0. Suppose g = 2*x - x. Calculate the remainder when x is divided by (15 + -17)/(1 - (-8)/(-6)).
2
Suppose -4*l + 20 = 0, 2*v + 0*l - 190 = -4*l. Suppose 4*h + d = v + 2, 0 = 4*d - 12. What is the remainder when (-14)/(-63) - 358/(-9) is divided by h?
19
Let u(d) = d**2 + 3*d - 2. Let c be u(-3). What is the remainder when 2/(c + (-33)/(-15)) is divided by (3/6)/((-2)/(-16))?
2
Suppose -3*g = -5*o + 263, -2*o + 256 = 3*o + 4*g. Calculate the remainder when o is divided by 11.
8
What is the remainder when (2 - 62/8)*(-46 + 2) is divided by 29?
21
Let w = -29 + 38. Calculate the remainder when 83 is divided by (102/w)/((-4)/(-6)).
15
Suppose -8*h = 157 - 517. What is the remainder when 58 is divided by h?
13
Suppose 0 = -11*s + 120*s - 4469. What is the remainder when 44 is divided by s?
3
Let i = 179 - 126. Calculate the remainder when 98 is divided by i.
45
Suppose 0 = -7*l + 3*l - 4*i + 48, -2*l - 4*i + 28 = 0. Suppose y = 9 - l. What is the remainder when (-1552)/(-40) - y/5 is divided by 14?
11
Let r be (5 + -3 + -1 - 3) + 541. Calculate the remainder when 13 is divided by r/105 + 2/(-15).
3
Suppose -2*g + 16 = -16. Let a(c) = 11*c + 31. Let i(t) = -11*t - 31. Let n(s) = -5*a(s) - 4*i(s). What is the remainder when n(-7) is divided by g?
14
Let j = -64 + 69. Suppose -10*x = -j - 135. Calculate the remainder when 96 is divided by x.
12
Let s(z) = -4*z**3 + 3*z**2 - 16*z - 28. What is the remainder when 141 is divided by s(-2)?
45
Let i be 90 + -1 + (-6)/(-3). Suppose -10*n + i = -3*n. What is the remainder when (1/(-3))/(2/(-294)) is divided by n?
10
Let f = 21 + -14. Suppose -490 = -21*x + f*x. What is the remainder when 138 is divided by x?
33
Let r = 10 - 1. Let i = 53 + -38. What is the remainder when i is divided by r?
6
What is the remainder when 451 is divided by (-10 + 1)*4/(-3)?
7
Suppose 2*g + 33 - 35 = 0, -q - 2*g + 181 = 0. Suppose 4*r - 188 = -4*t - 0*r, 0 = -t + 3*r + 39. Calculate the remainder when q is divided by t.
44
Suppose -2*o + 168 = 4*j, 3*j - 16 + 1 = 0. Let l(y) = -1. Let b(v) = -2*v + 17. Let p(t) = b(t) + 6*l(t). Calculate the remainder when o is divided by p(-4).
17
Suppose -3*z + 6*z - d - 287 = 0, -5*z = -3*d - 481. What is the remainder when z is divided by 9?
5
Let f(m) = m**3 - 3*m**2 - m - 3. Calculate the remainder when 50 is divided by f(4).
5
Let o = 167 + 7. Let s(g) = g**2 + 3*g - 35. What is the remainder when o is divided by s(-10)?
34
Suppose 0*p + 2*p - 438 = 0. Suppose -p = -32*f + 29*f. What is the remainder when f is divided by 19?
16
Suppose 78*s - 9639 = 51*s. What is the remainder when s is divided by 15?
12
Calculate the remainder when 47 is divided by (54/9 - 8*1)*-4.
7
Let f = 41 + -82. Let n = 96 + f. What is the remainder when n is divided by ((-14)/(-3))/((-14)/(-84))?
27
Suppose -2*m - 28 = -9*m. Suppose -m*h = -3*w - 147, 48 + 114 = 4*h + 2*w. What is the remainder when h is divided by 10?
9
Let s = 343 + -329. Calculate the remainder when s is divided by 4.
2
Let z = 463 + -460. Let r(k) = k**3 + 2*k**2 - 5*k - 2. Let t be r(-3). Let w = t - 1. Calculate the remainder when z is divided by w.
0
Suppose -4*d + 1036 = 4*t, 3*d - 753 = -0*d + 3*t. Calculate the remainder when d is divided by 64.
63
Let v = -3 - -11. Let l(y) = y**2 - 4*y - 10. Let j be l(v). Let q = 61 - j. Calculate the remainder when q is divided by 21.
18
Let x = 1 + 0. Suppose 0 = 29*f - 32*f + 6. What is the remainder when 15 is divided by (f + -1)/(x/6)?
3
Let t = -12 + 21. What is the remainder when 51 is divided by t?
6
Let t be (-2)/3*(-36)/(-8). Let j = 42 + t. What is the remainder when j is divided by 14?
11
Calculate the remainder when (1 - -2)/((-138)/(-10948)) is divided by 60.
58
Let l(f) = 8*f + 1. Let u be l(6). Let v = 80 - u. Let t = -6725 - -6785. What is the remainder when t is divided by v?
29
Suppose 192 = -3*c - i, -i = -2*c + i - 136. Let a = c - -129. What is the remainder when a is divided by 22?
20
Suppose 352 - 5350 = -21*x. What is the remainder when x is divided by 48?
46
Let t(w) = -11*w - 3. Let p be t(-1). Suppose -p*o + 131 + 45 = 0. What is the remainder when 86 is divided by o?
20
Suppose 9 + 16 = -5*h, -4*g + 4*h + 440 = 0. Suppose -5*r = -p - 173, 2*p + 37 + g = 4*r. Calculate the remainder when r is divided by 19.
15
Let q = -374 + 444. What is the remainder when q is divided by 30?
10
Suppose 4*a - 108 = 4*z, -3*z + 27 = a - 0*z. Calculate the remainder when 52 is divided by a.
25
Suppose -7*p + 23 = -2*p - 4*d, 4*p + d - 10 = 0. Suppose 5*o = p*o + 18. What is the remainder when 25 is divided by o?
7
Let h(n) = -n**3 - 7*n**2 - 2*n +